5*q - 27 = -3*f. Suppose -f*d - d + 30 = 0. Let b(z) = -5*z + d*z + z + 2 - z. Give b(0).
2
Let w(l) = -2*l**2 - 8*l + 2. Let f be 5 + (1 - 4) + -10 + 2. Calculate w(f).
-22
Let s(u) be the first derivative of -9/2*u**2 - 7 + 12*u. Let v(o) = -3*o + 4. Let p(l) = -3*s(l) + 8*v(l). What is p(3)?
5
Let z(b) = b - 9 - b + b. Suppose -22*l = -85 - 179. Determine z(l).
3
Let x be (117 + -118)/(2/8). Let s(v) = v**3 + 5*v**2 - 3*v - 3. Calculate s(x).
25
Let d(h) = h**3 - 3*h**2 + 2*h - 3. Suppose -2*y = 3*a - 9, -y = a + 2*a - 9. Determine d(a).
3
Let l be (-6 + 42/7)/1. Let j(f) = -f**3 - f**2 + f - 9. What is j(l)?
-9
Let s(h) be the third derivative of 1/60*h**5 + 17/6*h**3 - 3/4*h**4 + 0 - 9*h**2 + 0*h. Let p be s(17). Let y(m) = m + 6. Determine y(p).
6
Let o(z) be the first derivative of z**2/2 + 2*z - 241. Determine o(-6).
-4
Let t be 13*4 - (-9 + 6). Suppose t = 4*n + y - 26, 4*y = -2*n + 44. Suppose 3*i + 2*i = n. Let v(o) = -o + 6. Calculate v(i).
2
Let x(r) = r**3 - 11*r**2 - 12*r + 2. Let q be x(12). Let b(o) = -8 + o**2 + 0*o**q - o + 3*o + o. Suppose 3*h + 14 = -4. Determine b(h).
10
Let p(t) = 11*t**2 + 13*t + 21. Let u(q) = 28*q**2 + 26*q + 42. Let a(c) = 5*p(c) - 2*u(c). Calculate a(14).
7
Let l(n) = 3*n - 7. Suppose 3*y = -2*y + 115. Let w = 28 - y. Calculate l(w).
8
Let d(z) = z**3 + z**2 - 6*z + 3. Let v be d(-3). Let i(a) = -373 + v*a + 183 + 191. Determine i(2).
7
Let m(u) = -u**3 - 2*u**2 + 4*u - 1. Suppose 0 = -12*d + 3*d - 99. Let g(o) = o**2 + 10*o - 15. Let f be g(d). What is m(f)?
15
Suppose -15 = 233*g - 228*g. Let y(z) = -8*z - 3. What is y(g)?
21
Let g(p) = -p**2 + 5*p - 4. Let k be g(3). Let d(m) = k*m - 15 + 0*m - 2*m - m**2. Give d(0).
-15
Let c = 23 + -18. Suppose h = 4, -h - 11 = -c*d - 0*h. Let w(o) = 6*o + 1. Let m(k) = -13*k - 3. Let i(z) = 3*m(z) + 7*w(z). Give i(d).
7
Let c(d) = -d + 23. Let b be c(20). Let y(v) = 245 - 245 - b*v. Determine y(-1).
3
Suppose 3*u = -2*q - 0*q + 3, 2 = 2*u. Suppose h - 4*h + 3 = q. Let s(m) be the third derivative of m**6/30 + m**4/12 - m**3/6 + 17*m**2. Determine s(h).
5
Let c(x) = -3*x + 1. Let n(y) be the third derivative of 3/8*y**4 + 0 + 0*y - 3*y**2 + 1/60*y**5 + 2*y**3. Let z be n(-8). Determine c(z).
-11
Let o(j) = -2*j - j - 2*j**2 + 0*j + j**2. Suppose -d + 16*d = -45. Determine o(d).
0
Let f(x) = -2*x**2 + 26*x + 8. Let q(t) = -t**3 - 6*t**2 - 47*t - 269. Let s be q(-6). Calculate f(s).
8
Let q be (-2)/(1/(9/(-2))). Suppose -u = -q + 6. Let s(f) = -1 + 3*f + f + 14 - u*f - f**3. Give s(0).
13
Suppose -4*b = s - 7*b - 16, -40 = -3*s + 5*b. Let l(q) = q**3 - 9*q**2 - 10*q. Determine l(s).
0
Let w(y) = 2*y - 1. Let q(i) = -6*i + 30. Let x(p) = q(p) + 2*w(p). Give x(15).
-2
Suppose 2*p - 4*z = -2*p, 5*p - 4*z = 0. Let f(k) = -k + 9. What is f(p)?
9
Let f be 2 - (21/(-21) + (-2)/2). Let i(r) = r + 5. Determine i(f).
9
Let l(z) = -z**3 + 7*z**2 - 10*z + 3. Let t be l(5). Let o(i) = i**2 + 0*i + 4 - 9 + 8 - t*i. Determine o(2).
1
Let d(y) = 2*y**2 - 8*y + 1526 - 1522 - y**2. Determine d(7).
-3
Let w = -23 + 25. Suppose -w*m + 4 = -3*m, 5*r - 4*m = 11. Let n(g) = -4*g**3 + g**2 + g. Calculate n(r).
4
Suppose 5*x = -2*q - 39, 27 = -4*x - 3*q - 7. Let k(f) = -2*f - 7. What is k(x)?
7
Let z(w) = 4*w + 1 + w**2 - 3*w - 5. Suppose 0 = -3*m - 4*q - 10 - 1, 3*m = -5*q - 16. What is z(m)?
8
Let z(m) = 35 - 63 + 3*m + m - 3*m + 32. Suppose 4 = 3*y + 16. Calculate z(y).
0
Let b = 7 + -15. Let a(w) = w + 9. Let k be a(b). Let y(u) = -5*u - 4 + u + k. Calculate y(-2).
5
Let t(k) = -k**3 - 2*k + 6. Let i(a) = 3*a**3 + a**2 + 6*a - 17. Let j(r) = -4*i(r) - 11*t(r). Suppose 21 = 5*h + 146. Let w = 22 + h. Determine j(w).
-1
Suppose -4*q = -0*q + 24. Let b be ((-69)/q)/((-4)/8). Let p = b - -27. Let h(u) = u**2 - 7*u + 3. Determine h(p).
-9
Let z(d) be the second derivative of d**5/60 + d**4/4 - d**3/6 - 35*d**2/2 - 18*d. Let h(g) be the first derivative of z(g). Calculate h(-5).
-6
Let n(j) = -2*j**3 + 6 + 8*j + 7*j**3 - 6 + 2*j**2 - 11*j. Calculate n(2).
42
Suppose -5*l = -4*l - 11. Let j(f) = -2 + 5*f**2 + l*f + 3 - f - 4*f**2. Calculate j(-9).
-8
Let k(v) = v**2 + 4*v - 4. Let y(w) = 3*w**2 + 11*w - 8. Let j(i) = -11*k(i) + 4*y(i). What is j(5)?
37
Let c(n) = n**3 - 5*n**2 - 6*n + 1. Suppose -5*q + 22*q = 85. Give c(q).
-29
Let n = -50 - -52. Let z(a) = -8 - 2*a + n - 9 + 3*a. Give z(7).
-8
Let y(f) be the third derivative of -f**8/6720 + f**7/280 - f**6/720 + 7*f**5/120 - f**4/4 - 13*f**2. Let m(g) be the second derivative of y(g). Determine m(9).
-2
Let h(s) = -4*s**3 + 1 + s**3 + 0*s**3. Suppose 0 = -2*v + 2*g - 8, -g + 2*g - 6 = 3*v. Let z be (-2*(-1 - -2) + 3)/v. Give h(z).
4
Let y(t) be the first derivative of -22*t**3/3 + t**2 + t - 276. Determine y(-1).
-23
Let d(i) be the second derivative of 1/2*i**3 + 0 - 3*i + 0*i**2. What is d(3)?
9
Let g(l) = -l - 6. Let d be (-2 + 2)*(-3 - -2). Let n be (-8)/12*(d + 15). Let j be (12/8 + -1)*n. Determine g(j).
-1
Let s = 57 + -56. Let f(q) = 9*q**2 + 5*q + 7. Let a(t) = -5 - 3 - 8*t - 13*t**2 + 2 - 5. Let b(o) = -5*a(o) - 8*f(o). Calculate b(s).
-8
Let m be 1 + 2/(-1) + 3. Let o be ((-1)/m)/((-7)/266). Let s(i) = -6*i**2 - 6*i - o - i**3 + 12 + i**3 - i**3. Give s(-5).
-2
Let w be (-195)/(-52)*16/6. Suppose 0 = -o - 2*p - w, -6*o + 5*p = -o - 25. Suppose -3 = -g, o*m - 4*g + 20 = 2*m. Let j(z) = -z. Calculate j(m).
-4
Let k(l) be the second derivative of l**5/20 + l**4/3 - 5*l**3/6 + 260*l. Calculate k(-5).
0
Let x = -97 + 99. Let z(u) = -2*u - 2 - u**2 + 6*u**2 - u**x - 5*u**2. What is z(-3)?
-5
Let x(k) = -k - 8. Let v(p) = -p - 13. Let j(z) = 3*v(z) - 5*x(z). Give j(-4).
-7
Let a be (1/(-1) - -2) + 18. Suppose -a = -3*f - 7. Let k(z) be the third derivative of z**6/120 - z**5/10 + z**4/4 - z**3/6 + 644*z**2 - 7. Give k(f).
-9
Let k(c) = 2*c**2 - 5. Let j(z) = -2*z**2 + 4. Let p(m) = -5*j(m) - 4*k(m). Suppose 0 = 3*x - 6. Calculate p(x).
8
Let s(t) = 2*t**2 + 17*t + 13. Let d(m) = m**2 + 9*m + 6. Let q(l) = 5*d(l) - 2*s(l). What is q(-9)?
-14
Let c(y) = y**3 - 2*y**2. Suppose 6 - 3 = -r. Suppose 5 = 3*p - 13. Let m = r + p. Calculate c(m).
9
Let i(d) = -d**3 + 7*d**2 - 8*d + 9. Let n be i(7). Let q = n + 52. Let y(f) = f**3 - 6*f**2 + 6*f - 5. Determine y(q).
0
Suppose -5*j = -2*j. Let a = -23 + 26. Let d(x) = -a*x + 3*x - 3*x + 4*x + x**2. Calculate d(j).
0
Let y(l) = 4*l - 45. Let g be y(14). Let j(z) = 2*z - 5. Calculate j(g).
17
Let x(l) = 2*l + 0*l**2 + 2*l**2 + 0*l**2 - 1 + 2*l. Suppose a - 4*u = -9*u + 45, 5*a + 4*u = 120. Let w be a/(-6) - (-11)/33. Give x(w).
5
Let n(f) = -4*f. Suppose 0 = 5*b - 2*o - 15, 12 = 4*b - 0*b + 3*o. Let y be 18/((-9)/(-2) - b). Let k = y + -13. What is n(k)?
4
Let x(k) = 2*k. Let i(p) = -4*p - 1. Let l be (-221)/39 - (-4)/6. Let u(t) = l*x(t) - 2*i(t). Determine u(3).
-4
Let x(y) = -39*y - 32*y - 32*y + 102*y + 2 + 5. Give x(0).
7
Let v(m) = 2*m - 2. Let y = -27 - -39. Suppose -5*u + u = -y. Suppose 6 = 4*q + h, -4*h - u = 2*q + 1. Determine v(q).
2
Let f(u) = -5*u + 9. Let v(n) = 12*n - 19. Let a(q) = -5*f(q) - 2*v(q). What is a(0)?
-7
Let a(p) = -7*p**3 + 5*p**2 - 4*p - 1. Let y be 352/28 + 15/35. Let h(z) = -15*z**3 + 11*z**2 - 9*z - 2. Let i(q) = y*a(q) - 6*h(q). What is i(1)?
-1
Let i = -2 - -4. Let q(l) = i*l**2 + 3*l**2 + 864*l - 864*l + l**3. Give q(-5).
0
Let p(b) be the first derivative of -7*b**2/2 + 56*b - 305. Determine p(7).
7
Let d(u) = 3*u**3 + 11*u**2 + 13*u + 5. Let r(z) = 10*z**3 + 33*z**2 + 40*z + 15. Let q(n) = -7*d(n) + 2*r(n). Calculate q(-10).
5
Let z(j) = -5*j - 2*j - 3 + 2. Let t be -2 + (-1 - (0 + -9)). Let g(x) = -x + 4. Let y be g(t). Give z(y).
13
Let w(n) = -2*n**3 + n**2 - 1. Let p(z) = 3*z**3 - 5*z**2 - 6*z + 1. Let q(g) = p(g) + w(g). Give q(5).
-5
Let d(z) = z**3 - 5*z**2 + z + 2. Suppose -4*i - 7 = 5, -5*q - 2*i - 31 = 0. Let x = q + 11. Let a be 16/24 - (-26)/x. What is d(a)?
7
Let z(g) be the third derivative of 0 + 1/60*g**5 + 0*g + 1/4*g**4 - 8*g**2 + 5/6*g**3. What is z(-5)?
0
Let x(m) = m - 2. Let p be 13 - 15 - 0/1. What is x(p)?
-4
Let y(r) = -4*r - 4 - 3*r**3 - 7*r**2 + r**3 + 6*r**2 + 1 + 0*r**2. Calculate y(-2).
17
Let m(h) = -82*h - 7. Let x(g) = -38*g - 3. Let y(s) = 6*m(s) - 13*x(s). Calculate y(12).
21
Let f(u) be the first derivative of u**3/3 